{"id":58,"date":"2017-02-06T14:44:48","date_gmt":"2017-02-06T14:44:48","guid":{"rendered":"http:\/\/94.177.241.165\/?page_id=58"},"modified":"2018-03-24T16:00:18","modified_gmt":"2018-03-24T15:00:18","slug":"decoration-dinterieur","status":"publish","type":"page","link":"http:\/\/wp.placeauxarts.be\/index.php\/home\/decoration-dinterieur\/","title":{"rendered":"D\u00e9coration Int\u00e9rieur"},"content":{"rendered":"<h3 style=\"text-align: center;\"><span style=\"color: #ffffff;\">D\u00e9coration d&#8217;int\u00e9rieur<\/span><\/h3>\n<p><span style=\"color: #ffffff;\">Les plus beaux int\u00e9rieurs se r\u00e9sument au choix des mati\u00e8res simples et naturelles.\u00a0<\/span><\/p>\n<div id='gallery-1' class='gallery galleryid-58 gallery-columns-3 gallery-size-medium'><dl class='gallery-item'>\n\t\t\t<dt class='gallery-icon landscape'>\n\t\t\t\t<a href='http:\/\/wp.placeauxarts.be\/index.php\/home\/decoration-dinterieur\/20141128_113806\/'><img width=\"300\" height=\"169\" src=\"http:\/\/wp.placeauxarts.be\/wp-content\/uploads\/2017\/02\/20141128_113806-300x169.jpg\" class=\"attachment-medium size-medium\" alt=\"\" loading=\"lazy\" srcset=\"http:\/\/wp.placeauxarts.be\/wp-content\/uploads\/2017\/02\/20141128_113806-300x169.jpg 300w, http:\/\/wp.placeauxarts.be\/wp-content\/uploads\/2017\/02\/20141128_113806-768x432.jpg 768w, http:\/\/wp.placeauxarts.be\/wp-content\/uploads\/2017\/02\/20141128_113806-1024x576.jpg 1024w\" sizes=\"(max-width: 300px) 100vw, 300px\" \/><\/a>\n\t\t\t<\/dt><\/dl><dl class='gallery-item'>\n\t\t\t<dt class='gallery-icon landscape'>\n\t\t\t\t<a href='http:\/\/wp.placeauxarts.be\/index.php\/home\/decoration-dinterieur\/20160203_142551\/'><img width=\"300\" height=\"169\" src=\"http:\/\/wp.placeauxarts.be\/wp-content\/uploads\/2017\/02\/20160203_142551-300x169.jpg\" class=\"attachment-medium size-medium\" alt=\"\" loading=\"lazy\" srcset=\"http:\/\/wp.placeauxarts.be\/wp-content\/uploads\/2017\/02\/20160203_142551-300x169.jpg 300w, http:\/\/wp.placeauxarts.be\/wp-content\/uploads\/2017\/02\/20160203_142551-768x432.jpg 768w, http:\/\/wp.placeauxarts.be\/wp-content\/uploads\/2017\/02\/20160203_142551-1024x576.jpg 1024w, http:\/\/wp.placeauxarts.be\/wp-content\/uploads\/2017\/02\/20160203_142551.jpg 1904w\" sizes=\"(max-width: 300px) 100vw, 300px\" \/><\/a>\n\t\t\t<\/dt><\/dl><dl class='gallery-item'>\n\t\t\t<dt class='gallery-icon landscape'>\n\t\t\t\t<a href='http:\/\/wp.placeauxarts.be\/index.php\/home\/decoration-dinterieur\/img-20170104-wa0000_1485360046193\/'><img width=\"300\" height=\"225\" src=\"http:\/\/wp.placeauxarts.be\/wp-content\/uploads\/2017\/02\/IMG-20170104-WA0000_1485360046193-300x225.jpg\" class=\"attachment-medium size-medium\" alt=\"\" loading=\"lazy\" srcset=\"http:\/\/wp.placeauxarts.be\/wp-content\/uploads\/2017\/02\/IMG-20170104-WA0000_1485360046193-300x225.jpg 300w, http:\/\/wp.placeauxarts.be\/wp-content\/uploads\/2017\/02\/IMG-20170104-WA0000_1485360046193-768x576.jpg 768w, http:\/\/wp.placeauxarts.be\/wp-content\/uploads\/2017\/02\/IMG-20170104-WA0000_1485360046193-1024x768.jpg 1024w, http:\/\/wp.placeauxarts.be\/wp-content\/uploads\/2017\/02\/IMG-20170104-WA0000_1485360046193.jpg 1378w\" sizes=\"(max-width: 300px) 100vw, 300px\" \/><\/a>\n\t\t\t<\/dt><\/dl><br style=\"clear: both\" \/><dl class='gallery-item'>\n\t\t\t<dt class='gallery-icon portrait'>\n\t\t\t\t<a href='http:\/\/wp.placeauxarts.be\/index.php\/home\/decoration-dinterieur\/20141128_111046-1\/'><img width=\"169\" height=\"300\" src=\"http:\/\/wp.placeauxarts.be\/wp-content\/uploads\/2017\/02\/20141128_111046-1-169x300.jpg\" class=\"attachment-medium size-medium\" alt=\"\" loading=\"lazy\" srcset=\"http:\/\/wp.placeauxarts.be\/wp-content\/uploads\/2017\/02\/20141128_111046-1-169x300.jpg 169w, http:\/\/wp.placeauxarts.be\/wp-content\/uploads\/2017\/02\/20141128_111046-1-768x1365.jpg 768w, http:\/\/wp.placeauxarts.be\/wp-content\/uploads\/2017\/02\/20141128_111046-1-576x1024.jpg 576w, http:\/\/wp.placeauxarts.be\/wp-content\/uploads\/2017\/02\/20141128_111046-1.jpg 1512w\" sizes=\"(max-width: 169px) 100vw, 169px\" \/><\/a>\n\t\t\t<\/dt><\/dl><dl class='gallery-item'>\n\t\t\t<dt class='gallery-icon portrait'>\n\t\t\t\t<a href='http:\/\/wp.placeauxarts.be\/index.php\/home\/decoration-dinterieur\/20141211_104519\/'><img width=\"169\" height=\"300\" src=\"http:\/\/wp.placeauxarts.be\/wp-content\/uploads\/2017\/02\/20141211_104519-169x300.jpg\" class=\"attachment-medium size-medium\" alt=\"\" loading=\"lazy\" srcset=\"http:\/\/wp.placeauxarts.be\/wp-content\/uploads\/2017\/02\/20141211_104519-169x300.jpg 169w, http:\/\/wp.placeauxarts.be\/wp-content\/uploads\/2017\/02\/20141211_104519-768x1365.jpg 768w, http:\/\/wp.placeauxarts.be\/wp-content\/uploads\/2017\/02\/20141211_104519-576x1024.jpg 576w, http:\/\/wp.placeauxarts.be\/wp-content\/uploads\/2017\/02\/20141211_104519.jpg 1512w\" sizes=\"(max-width: 169px) 100vw, 169px\" \/><\/a>\n\t\t\t<\/dt><\/dl><dl class='gallery-item'>\n\t\t\t<dt class='gallery-icon portrait'>\n\t\t\t\t<a href='http:\/\/wp.placeauxarts.be\/index.php\/home\/decoration-dinterieur\/20161222_155223_1483563316728_resized_1486387926321\/'><img width=\"169\" height=\"300\" src=\"http:\/\/wp.placeauxarts.be\/wp-content\/uploads\/2017\/02\/20161222_155223_1483563316728_resized_1486387926321-169x300.jpg\" class=\"attachment-medium size-medium\" alt=\"\" loading=\"lazy\" srcset=\"http:\/\/wp.placeauxarts.be\/wp-content\/uploads\/2017\/02\/20161222_155223_1483563316728_resized_1486387926321-169x300.jpg 169w, http:\/\/wp.placeauxarts.be\/wp-content\/uploads\/2017\/02\/20161222_155223_1483563316728_resized_1486387926321-768x1365.jpg 768w, http:\/\/wp.placeauxarts.be\/wp-content\/uploads\/2017\/02\/20161222_155223_1483563316728_resized_1486387926321-576x1024.jpg 576w, http:\/\/wp.placeauxarts.be\/wp-content\/uploads\/2017\/02\/20161222_155223_1483563316728_resized_1486387926321.jpg 1079w\" sizes=\"(max-width: 169px) 100vw, 169px\" \/><\/a>\n\t\t\t<\/dt><\/dl><br style=\"clear: both\" \/><dl class='gallery-item'>\n\t\t\t<dt class='gallery-icon portrait'>\n\t\t\t\t<a href='http:\/\/wp.placeauxarts.be\/index.php\/home\/decoration-dinterieur\/20170203_133620_1486129132077_resized\/'><img width=\"169\" height=\"300\" src=\"http:\/\/wp.placeauxarts.be\/wp-content\/uploads\/2017\/02\/20170203_133620_1486129132077_resized-169x300.jpg\" class=\"attachment-medium size-medium\" alt=\"\" loading=\"lazy\" srcset=\"http:\/\/wp.placeauxarts.be\/wp-content\/uploads\/2017\/02\/20170203_133620_1486129132077_resized-169x300.jpg 169w, http:\/\/wp.placeauxarts.be\/wp-content\/uploads\/2017\/02\/20170203_133620_1486129132077_resized-768x1365.jpg 768w, http:\/\/wp.placeauxarts.be\/wp-content\/uploads\/2017\/02\/20170203_133620_1486129132077_resized-576x1024.jpg 576w, http:\/\/wp.placeauxarts.be\/wp-content\/uploads\/2017\/02\/20170203_133620_1486129132077_resized.jpg 1079w\" sizes=\"(max-width: 169px) 100vw, 169px\" \/><\/a>\n\t\t\t<\/dt><\/dl><dl class='gallery-item'>\n\t\t\t<dt class='gallery-icon portrait'>\n\t\t\t\t<a href='http:\/\/wp.placeauxarts.be\/index.php\/home\/decoration-dinterieur\/20151016_175315_resized_1_resized\/'><img width=\"169\" height=\"300\" src=\"http:\/\/wp.placeauxarts.be\/wp-content\/uploads\/2017\/02\/20151016_175315_resized_1_resized-169x300.jpg\" class=\"attachment-medium size-medium\" alt=\"\" loading=\"lazy\" srcset=\"http:\/\/wp.placeauxarts.be\/wp-content\/uploads\/2017\/02\/20151016_175315_resized_1_resized-169x300.jpg 169w, http:\/\/wp.placeauxarts.be\/wp-content\/uploads\/2017\/02\/20151016_175315_resized_1_resized-768x1365.jpg 768w, http:\/\/wp.placeauxarts.be\/wp-content\/uploads\/2017\/02\/20151016_175315_resized_1_resized-576x1024.jpg 576w, http:\/\/wp.placeauxarts.be\/wp-content\/uploads\/2017\/02\/20151016_175315_resized_1_resized.jpg 1458w\" sizes=\"(max-width: 169px) 100vw, 169px\" \/><\/a>\n\t\t\t<\/dt><\/dl><dl class='gallery-item'>\n\t\t\t<dt class='gallery-icon portrait'>\n\t\t\t\t<a href='http:\/\/wp.placeauxarts.be\/index.php\/home\/decoration-dinterieur\/20170209_163048_resized-1\/'><img width=\"230\" height=\"300\" src=\"http:\/\/wp.placeauxarts.be\/wp-content\/uploads\/2017\/02\/20170209_163048_resized-1-230x300.jpg\" class=\"attachment-medium size-medium\" alt=\"\" loading=\"lazy\" srcset=\"http:\/\/wp.placeauxarts.be\/wp-content\/uploads\/2017\/02\/20170209_163048_resized-1-230x300.jpg 230w, http:\/\/wp.placeauxarts.be\/wp-content\/uploads\/2017\/02\/20170209_163048_resized-1-768x1003.jpg 768w, http:\/\/wp.placeauxarts.be\/wp-content\/uploads\/2017\/02\/20170209_163048_resized-1-784x1024.jpg 784w, http:\/\/wp.placeauxarts.be\/wp-content\/uploads\/2017\/02\/20170209_163048_resized-1.jpg 1136w\" sizes=\"(max-width: 230px) 100vw, 230px\" \/><\/a>\n\t\t\t<\/dt><\/dl><br style=\"clear: both\" \/>\n\t\t<\/div>\n\n<p>&nbsp;<\/p>\n<p>&nbsp;<\/p>\n<p>&nbsp;<\/p>\n<p>&nbsp;<\/p>\n","protected":false},"excerpt":{"rendered":"<p>D\u00e9coration d&#8217;int\u00e9rieur Les plus beaux int\u00e9rieurs se r\u00e9sument au choix des mati\u00e8res simples et naturelles.\u00a0 &nbsp; &nbsp; &nbsp; &nbsp;<\/p>\n","protected":false},"author":1,"featured_media":0,"parent":532,"menu_order":0,"comment_status":"closed","ping_status":"closed","template":"","meta":{"neve_meta_sidebar":"","neve_meta_container":"","neve_meta_enable_content_width":"","neve_meta_content_width":0,"neve_meta_title_alignment":"","neve_meta_author_avatar":"","neve_post_elements_order":"","neve_meta_disable_header":"","neve_meta_disable_footer":"","neve_meta_disable_title":""},"_links":{"self":[{"href":"http:\/\/wp.placeauxarts.be\/index.php\/wp-json\/wp\/v2\/pages\/58"}],"collection":[{"href":"http:\/\/wp.placeauxarts.be\/index.php\/wp-json\/wp\/v2\/pages"}],"about":[{"href":"http:\/\/wp.placeauxarts.be\/index.php\/wp-json\/wp\/v2\/types\/page"}],"author":[{"embeddable":true,"href":"http:\/\/wp.placeauxarts.be\/index.php\/wp-json\/wp\/v2\/users\/1"}],"replies":[{"embeddable":true,"href":"http:\/\/wp.placeauxarts.be\/index.php\/wp-json\/wp\/v2\/comments?post=58"}],"version-history":[{"count":1,"href":"http:\/\/wp.placeauxarts.be\/index.php\/wp-json\/wp\/v2\/pages\/58\/revisions"}],"predecessor-version":[{"id":559,"href":"http:\/\/wp.placeauxarts.be\/index.php\/wp-json\/wp\/v2\/pages\/58\/revisions\/559"}],"up":[{"embeddable":true,"href":"http:\/\/wp.placeauxarts.be\/index.php\/wp-json\/wp\/v2\/pages\/532"}],"wp:attachment":[{"href":"http:\/\/wp.placeauxarts.be\/index.php\/wp-json\/wp\/v2\/media?parent=58"}],"curies":[{"name":"wp","href":"https:\/\/api.w.org\/{rel}","templated":true}]}}